{"id":2601,"date":"2026-01-12T23:23:55","date_gmt":"2026-01-13T02:23:55","guid":{"rendered":"https:\/\/ead.verano.com.br\/site\/?post_type=product&#038;p=2601"},"modified":"2026-04-07T14:55:51","modified_gmt":"2026-04-07T17:55:51","slug":"primavera-p6-basico_br","status":"publish","type":"product","link":"https:\/\/ead.verano.com.br\/site\/produto\/primavera-p6-basico_br\/","title":{"rendered":"Primavera P6 B\u00e1sico"},"content":{"rendered":"<p>\u2022\u00a0\u00a0Introdu\u00e7\u00e3o ao Primavera P6<br \/>\n\u2022\u00a0\u00a0Navega\u00e7\u00e3o na Ferramenta<br \/>\n\u2022\u00a0\u00a0Tipos de Ajuda<br \/>\n\u2022\u00a0\u00a0Estruturando Projetos Corporativamente (OBS X EPS)<br \/>\n\u2022\u00a0\u00a0Criando Projetos<br \/>\n\u2022\u00a0\u00a0Propriedades das guias Projeto<br \/>\n\u2022\u00a0\u00a0Exportando um Projeto<br \/>\n\u2022\u00a0\u00a0C\u00f3digos de Projeto<br \/>\n\u2022\u00a0\u00a0Criando a Estrutura Anal\u00edtica do Projeto<br \/>\n\u2022\u00a0\u00a0Definindo Atividades<br \/>\n\u2022\u00a0\u00a0Tipos de Atividades<br \/>\n\u2022\u00a0\u00a0Tipos de Dura\u00e7\u00e3o<br \/>\n\u2022\u00a0\u00a0Criando e Modificando Calend\u00e1rios<br \/>\n\u2022\u00a0\u00a0Organizar e Filtrar Atividades<br \/>\n\u2022\u00a0\u00a0Criando Relacionamento<br \/>\n\u2022\u00a0\u00a0Calculando a Programa\u00e7\u00e3o<br \/>\n\u2022\u00a0\u00a0Recursos<br \/>\n\u2022\u00a0\u00a0Plano de Contas e Despesas<br \/>\n\u2022\u00a0\u00a0Criando um Plano Meta (Baseline)<br \/>\n\u2022\u00a0\u00a0Sumarizando Dados do Projeto<br \/>\n\u2022\u00a0\u00a0Execu\u00e7\u00e3o e controle do Projeto<br \/>\n\u2022\u00a0\u00a0Passos de Atividades<br \/>\n\u2022\u00a0\u00a0Relat\u00f3rios<br \/>\n\u2022\u00a0\u00a0Publica\u00e7\u00f5es na Web<\/p>\n","protected":false},"excerpt":{"rendered":"<p>Este treinamento tem como objetivo capacitar o aluno nos temas e funcionalidades do Primavera para que de uma forma simples ele possa criar e gerenciar todo o ciclo dos projetos dentro da ferramenta. Ao final do curso o aluno ser\u00e1 capaz de cadastrar projetos, EAPs e atividades, atribuir informa\u00e7\u00f5es como recursos, steps e relacionamentos \u00e0s atividades. Ser\u00e1 capaz tamb\u00e9m de atualizar os avan\u00e7os percentuais do projeto e emitir relat\u00f3rios.<\/p>\n","protected":false},"featured_media":817,"template":"","meta":{"_acf_changed":false},"product_brand":[],"product_cat":[52],"product_tag":[55],"nivel-de-treinamento":[66],"formato-cursos":[62],"class_list":{"0":"post-2601","1":"product","2":"type-product","3":"status-publish","4":"has-post-thumbnail","6":"product_cat-gerenciamento-de-projetos","7":"product_tag-primavera-p6-professional","8":"nivel-de-treinamento-basico","9":"formato-cursos-ead-educacao-a-distancia","11":"first","12":"instock","13":"downloadable","14":"virtual","15":"sold-individually","16":"taxable","17":"purchasable","18":"product-type-simple"},"acf":[],"_links":{"self":[{"href":"https:\/\/ead.verano.com.br\/site\/wp-json\/wp\/v2\/product\/2601","targetHints":{"allow":["GET"]}}],"collection":[{"href":"https:\/\/ead.verano.com.br\/site\/wp-json\/wp\/v2\/product"}],"about":[{"href":"https:\/\/ead.verano.com.br\/site\/wp-json\/wp\/v2\/types\/product"}],"wp:featuredmedia":[{"embeddable":true,"href":"https:\/\/ead.verano.com.br\/site\/wp-json\/wp\/v2\/media\/817"}],"wp:attachment":[{"href":"https:\/\/ead.verano.com.br\/site\/wp-json\/wp\/v2\/media?parent=2601"}],"wp:term":[{"taxonomy":"product_brand","embeddable":true,"href":"https:\/\/ead.verano.com.br\/site\/wp-json\/wp\/v2\/product_brand?post=2601"},{"taxonomy":"product_cat","embeddable":true,"href":"https:\/\/ead.verano.com.br\/site\/wp-json\/wp\/v2\/product_cat?post=2601"},{"taxonomy":"product_tag","embeddable":true,"href":"https:\/\/ead.verano.com.br\/site\/wp-json\/wp\/v2\/product_tag?post=2601"},{"taxonomy":"nivel-de-treinamento","embeddable":true,"href":"https:\/\/ead.verano.com.br\/site\/wp-json\/wp\/v2\/nivel-de-treinamento?post=2601"},{"taxonomy":"formato-cursos","embeddable":true,"href":"https:\/\/ead.verano.com.br\/site\/wp-json\/wp\/v2\/formato-cursos?post=2601"}],"curies":[{"name":"wp","href":"https:\/\/api.w.org\/{rel}","templated":true}]}}