{"id":145,"date":"2025-09-02T18:27:41","date_gmt":"2025-09-02T21:27:41","guid":{"rendered":"https:\/\/ead.verano.com.br\/site\/?post_type=product&#038;p=145"},"modified":"2026-04-07T15:01:20","modified_gmt":"2026-04-07T18:01:20","slug":"primavera-p6-avancado_br","status":"publish","type":"product","link":"https:\/\/ead.verano.com.br\/site\/produto\/primavera-p6-avancado_br\/","title":{"rendered":"Primavera P6 Avan\u00e7ado"},"content":{"rendered":"<div class=\"grid_3\">\n<div id=\"menu\">\n<p>\u2022\u00a0\u00a0Objetivos do curso Avan\u00e7ado<br \/>\n\u2022\u00a0\u00a0Estruturando Projetos Corporativamente (OBS X EPS)<br \/>\n\u2022\u00a0\u00a0Administra\u00e7\u00e3o de Usu\u00e1rios Seguran\u00e7a<br \/>\n\u2022\u00a0\u00a0Prefer\u00eancias Administrativas<br \/>\n\u2022\u00a0\u00a0Criando Projetos<br \/>\n\u2022\u00a0\u00a0Criando Projetos a partir de um Template}<br \/>\n\u2022\u00a0\u00a0Gest\u00e3o de Portf\u00f3lios de Projetos}<br \/>\n\u2022\u00a0\u00a0An\u00e1lise de Valor Agregado<br \/>\n\u2022\u00a0\u00a0Top Down Estimation (Distribui\u00e7\u00e3o de horas de recursos)<br \/>\n\u2022\u00a0\u00a0Altera\u00e7\u00e3o de taxa de recursos e atualiza\u00e7\u00e3o do planejamento.<br \/>\n\u2022\u00a0\u00a0Curvas de Recursos e Turnos<br \/>\n\u2022\u00a0\u00a0Nivelamento de Recursos<br \/>\n\u2022\u00a0\u00a0Assignments<br \/>\n\u2022\u00a0\u00a0Calculando a Programa\u00e7\u00e3o<br \/>\n\u2022\u00a0\u00a0Analise do Tracking<br \/>\n\u2022\u00a0\u00a0Atualizando Baselines<br \/>\n\u2022\u00a0\u00a0Defini\u00e7\u00e3o de Campos pelo Usu\u00e1rio (User Defined Fields) e Mudan\u00e7as Globais (Global Changes)<br \/>\n\u2022\u00a0\u00a0Documentos de Refer\u00eancia<br \/>\n\u2022\u00a0\u00a0Gatilhos (Thresholds) e Notifica\u00e7\u00f5es (Issues)<br \/>\n\u2022\u00a0\u00a0Cadastramento de Eventos de Riscos<br \/>\n\u2022\u00a0\u00a0Transferindo Informa\u00e7\u00f5es entre Primavera e Microsoft Excel<br \/>\n\u2022\u00a0\u00a0Transferindo Informa\u00e7\u00f5es entre Primavera e Microsoft Project<\/p>\n<h2><\/h2>\n<\/div>\n<\/div>\n","protected":false},"excerpt":{"rendered":"<div class=\"grid_3\">\n<div id=\"menu\">\n<p>Este treinamento tem como objetivo aprimorar e expandir o conhecimento dos alunos no Primavera, detalhando temas extensos como os percentuais de avan\u00e7o e an\u00e1lise de valor agregado e apresentando novas funcionalidades existentes na ferramenta que auxiliam na cria\u00e7\u00e3o e controle de projetos como Reflex\u00e3o de projetos, Nivelamento de Recursos e Estimativa Top-Down.<\/p>\n<\/div>\n<\/div>\n","protected":false},"featured_media":817,"template":"","meta":{"_acf_changed":false},"product_brand":[30],"product_cat":[52],"product_tag":[55],"nivel-de-treinamento":[65],"formato-cursos":[62,63],"class_list":{"0":"post-145","1":"product","2":"type-product","3":"status-publish","4":"has-post-thumbnail","6":"product_brand-ead","7":"product_cat-gerenciamento-de-projetos","8":"product_tag-primavera-p6-professional","9":"nivel-de-treinamento-avancado","10":"formato-cursos-ead-educacao-a-distancia","11":"formato-cursos-remoto","13":"first","14":"instock","15":"virtual","16":"sold-individually","17":"purchasable","18":"product-type-simple"},"acf":[],"_links":{"self":[{"href":"https:\/\/ead.verano.com.br\/site\/wp-json\/wp\/v2\/product\/145","targetHints":{"allow":["GET"]}}],"collection":[{"href":"https:\/\/ead.verano.com.br\/site\/wp-json\/wp\/v2\/product"}],"about":[{"href":"https:\/\/ead.verano.com.br\/site\/wp-json\/wp\/v2\/types\/product"}],"wp:featuredmedia":[{"embeddable":true,"href":"https:\/\/ead.verano.com.br\/site\/wp-json\/wp\/v2\/media\/817"}],"wp:attachment":[{"href":"https:\/\/ead.verano.com.br\/site\/wp-json\/wp\/v2\/media?parent=145"}],"wp:term":[{"taxonomy":"product_brand","embeddable":true,"href":"https:\/\/ead.verano.com.br\/site\/wp-json\/wp\/v2\/product_brand?post=145"},{"taxonomy":"product_cat","embeddable":true,"href":"https:\/\/ead.verano.com.br\/site\/wp-json\/wp\/v2\/product_cat?post=145"},{"taxonomy":"product_tag","embeddable":true,"href":"https:\/\/ead.verano.com.br\/site\/wp-json\/wp\/v2\/product_tag?post=145"},{"taxonomy":"nivel-de-treinamento","embeddable":true,"href":"https:\/\/ead.verano.com.br\/site\/wp-json\/wp\/v2\/nivel-de-treinamento?post=145"},{"taxonomy":"formato-cursos","embeddable":true,"href":"https:\/\/ead.verano.com.br\/site\/wp-json\/wp\/v2\/formato-cursos?post=145"}],"curies":[{"name":"wp","href":"https:\/\/api.w.org\/{rel}","templated":true}]}}

Primavera P6 Avançado

<div class="grid_3">
<div id="menu">
<p>•  Objetivos do curso Avançado<br />
•  Estruturando Projetos Corporativamente (OBS X EPS)<br />
•  Administração de Usuários Segurança<br />
•  Preferências Administrativas<br />
•  Criando Projetos<br />
•  Criando Projetos a partir de um Template}<br />
•  Gestão de Portfólios de Projetos}<br />
•  Análise de Valor Agregado<br />
•  Top Down Estimation (Distribuição de horas de recursos)<br />
•  Alteração de taxa de recursos e atualização do planejamento.<br />
•  Curvas de Recursos e Turnos<br />
•  Nivelamento de Recursos<br />
•  Assignments<br />
•  Calculando a Programação<br />
•  Analise do Tracking<br />
•  Atualizando Baselines<br />
•  Definição de Campos pelo Usuário (User Defined Fields) e Mudanças Globais (Global Changes)<br />
•  Documentos de Referência<br />
•  Gatilhos (Thresholds) e Notificações (Issues)<br />
•  Cadastramento de Eventos de Riscos<br />
•  Transferindo Informações entre Primavera e Microsoft Excel<br />
•  Transferindo Informações entre Primavera e Microsoft Project</p>
<h2></h2>
</div>
</div>

<div class="grid_3">
<div id="menu">
<p>Este treinamento tem como objetivo aprimorar e expandir o conhecimento dos alunos no Primavera, detalhando temas extensos como os percentuais de avanço e análise de valor agregado e apresentando novas funcionalidades existentes na ferramenta que auxiliam na criação e controle de projetos como Reflexão de projetos, Nivelamento de Recursos e Estimativa Top-Down.</p>
</div>
</div>
